36061 is divided by 127203.
46
Calculate the remainder when 98885147 is divided by 16.
11
Calculate the remainder when 13186864 is divided by 2409.
2407
What is the remainder when 9627436 is divided by 534852?
100
Calculate the remainder when 4977791 is divided by 87.
86
What is the remainder when 6824191 is divided by 706?
701
What is the remainder when 8656909 is divided by 4150?
9
What is the remainder when 125651 is divided by 139?
134
Calculate the remainder when 320146 is divided by 209.
167
Calculate the remainder when 990373 is divided by 15719.
76
What is the remainder when 297434 is divided by 731?
648
What is the remainder when 238197 is divided by 12504?
621
Calculate the remainder when 104065162 is divided by 36.
34
What is the remainder when 305667 is divided by 152777?
113
What is the remainder when 297172 is divided by 977?
164
What is the remainder when 6687576 is divided by 2229190?
6
Calculate the remainder when 296589 is divided by 97427.
4308
What is the remainder when 228398 is divided by 322?
100
Calculate the remainder when 2515833 is divided by 2846.
2815
What is the remainder when 226750 is divided by 3282?
292
Calculate the remainder when 2492361 is divided by 748.
25
What is the remainder when 2281354 is divided by 120071?
5
What is the remainder when 16715623 is divided by 129?
61
Calculate the remainder when 48833 is divided by 9699.
338
What is the remainder when 2384094 is divided by 465?
39
What is the remainder when 506995 is divided by 104?
99
What is the remainder when 346296487 is divided by 209?
207
Calculate the remainder when 69079084 is divided by 65.
9
What is the remainder when 631163 is divided by 157769?
87
What is the remainder when 453836 is divided by 839?
776
Calculate the remainder when 4120834 is divided by 674.
672
What is the remainder when 1567159 is divided by 379?
373
What is the remainder when 39016 is divided by 129?
58
What is the remainder when 59398314 is divided by 14849551?
110
What is the remainder when 5805325 is divided by 335?
110
Calculate the remainder when 6401303 is divided by 2344.
2183
Calculate the remainder when 44582212 is divided by 12.
4
Calculate the remainder when 5200004 is divided by 185.
24
Calculate the remainder when 265599 is divided by 3280.
3199
What is the remainder when 719730 is divided by 179900?
130
Calculate the remainder when 89690 is divided by 5107.
2871
Calculate the remainder when 800909 is divided by 6664.
1229
What is the remainder when 1114061 is divided by 6671?
4
What is the remainder when 131475959 is divided by 153?
152
Calculate the remainder when 3795962 is divided by 47.
7
Calculate the remainder when 19260726 is divided by 265.
261
Calculate the remainder when 191738 is divided by 31612.
2066
What is the remainder when 727740955 is divided by 16?
11
Calculate the remainder when 9370108 is divided by 9370068.
40
Calculate the remainder when 23233189 is divided by 122.
119
What is the remainder when 33722909 is divided by 494?
493
Calculate the remainder when 133433316 is divided by 17822.
2
Calculate the remainder when 17947597 is divided by 326.
319
Calculate the remainder when 151123 is divided by 1031.
597
Calculate the remainder when 129687 is divided by 21317.
1785
What is the remainder when 206424 is divided by 492?
276
What is the remainder when 7204633 is divided by 21?
16
What is the remainder when 9553284 is divided by 1061473?
27
What is the remainder when 7709785 is divided by 32124?
25
Calculate the remainder when 20148604 is divided by 31.
30
Calculate the remainder when 169475 is divided by 1046.
23
What is the remainder when 14867 is divided by 14837?
30
What is the remainder when 1732107 is divided by 192455?
12
Calculate the remainder when 8879345 is divided by 2394.
2393
Calculate the remainder when 106256 is divided by 793.
787
Calculate the remainder when 104135 is divided by 103318.
817
Calculate the remainder when 80800 is divided by 55.
5
Calculate the remainder when 2069522 is divided by 5964.
14
Calculate the remainder when 165718 is divided by 4602.
46
What is the remainder when 561536247 is divided by 2198?
2197
Calculate the remainder when 8470585 is divided by 25.
10
What is the remainder when 17246968 is divided by 17246961?
7
Calculate the remainder when 227454 is divided by 7352.
6894
Calculate the remainder when 490500 is divided by 692.
564
Calculate the remainder when 7152641 is divided by 1788152.
33
Calculate the remainder when 552951 is divided by 16755.
36
What is the remainder when 279664 is divided by 160?
144
Calculate the remainder when 221704 is divided by 46.
30
What is the remainder when 1161351 is divided by 74?
69
Calculate the remainder when 5530196 is divided by 73.
8
Calculate the remainder when 127308 is divided by 1151.
698
Calculate the remainder when 877753 is divided by 806.
19
Calculate the remainder when 393877247 is divided by 85.
82
Calculate the remainder when 95446 is divided by 974.
968
Calculate the remainder when 32807 is divided by 25991.
6816
What is the remainder when 44150 is divided by 76?
70
What is the remainder when 63775 is divided by 1762?
343
Calculate the remainder when 15738316 is divided by 520.
516
Calculate the remainder when 44645947 is divided by 806.
801
What is the remainder when 263042 is divided by 51342?
6332
Calculate the remainder when 4429985 is divided by 601.
14
Calculate the remainder when 72052274 is divided by 295.
294
What is the remainder when 1133136 is divided by 11218?
118
Calculate the remainder when 20482 is divided by 2531.
234
Calculate the remainder when 16387817 is divided by 431258.
13
Calculate the remainder when 65465 is divided by 11327.
8830
Calculate the remainder when 201231890 is divided by 63.
62
What is the remainder when 1350802 is divided by 1350248?
554
What is the remainder when 21283354 is divided by 2452?
2446
Calculate the remainder when 307715 is divided by 1589.
1038
Calculate the remainder when 504449 is divided by 126071.
165
Calculate the remainder when 667011 is divided by 26669.
286
Calculate the remainder when 7853417 is divided by 9.
8
What is the remainder when 48803 is divided by 2?
1
Calculate the remainder when 199442 is divided by 9062.
78
What is the remainder when 4369560 is divided by 10?
0
What is the remainder when 46784118 is divided by 63?
3
What is the remainder when 1822826 is divided by 38?
4
What is the remainder when 1019316 is divided by 108?
12
Calculate the remainder when 476972 is divided by 5886.
206
Calculate the remainder when 75167 is divided by 18720.
287
Calculate the remainder when 6341563 is divided by 78.
7
What is the remainder when 1940483 is divided by 485106?
59
What is the remainder when 253010878 is divided by 12?
10
Calculate the remainder when 6830171 is divided by 3314.
17
Calculate the remainder when 35600 is divided by 54.
14
Calculate the remainder when 7372511 is divided by 150.
11
Calculate the remainder when 2857600 is divided by 2556.
2548
What is the remainder when 1506228 is divided by 15?
3
Calculate the remainder when 912839 is divided by 146.
47
What is the remainder when 77496 is divided by 19258?
464
Calculate the remainder when 66894 is divided by 869.
850
Calculate the remainder when 57080881 is divided by 196.
193
Calculate the remainder when 23090 is divided by 10782.
1526
What is the remainder when 3052392 is divided by 261?
258
What is the remainder when 1155314 is divided by 72202?
82
What is the remainder when 26400851 is divided by 5712?
5699
What is the remainder when 15127124 is divided by 118?
114
Calculate the remainder when 33753944 is divided by 134.
14
Calculate the remainder when 84751 is divided by 1981.
1549
Calculate the remainder when 25052 is divided by 4054.
728
Calculate the remainder when 75458060 is divided by 567.
566
What is the remainder when 234772737 is divided by 1710?
1707
What is the remainder when 158721649 is divided by 5030?
5029
Calculate the remainder when 638339 is divided by 39892.
67
Calculate the remainder when 379627 is divided by 126497.
136
What is the remainder when 88830680 is divided by 29610224?
8
Calculate the remainder when 233692 is divided by 58407.
64
What is the remainder when 646807 is divide